{"id":959,"date":"2023-12-05T16:17:16","date_gmt":"2023-12-05T15:17:16","guid":{"rendered":"https:\/\/fede-uliege.be\/?page_id=959"},"modified":"2026-02-23T09:56:23","modified_gmt":"2026-02-23T08:56:23","slug":"comissions","status":"publish","type":"page","link":"https:\/\/fede-uliege.be\/index.php\/comissions\/","title":{"rendered":"Commissions et organes"},"content":{"rendered":"\n<div class=\"wp-block-media-text alignwide is-stacked-on-mobile is-vertically-aligned-center has-nv-site-bg-background-color has-background\" style=\"grid-template-columns:20% auto\"><figure class=\"wp-block-media-text__media\"><img decoding=\"async\" width=\"238\" height=\"80\" src=\"https:\/\/fede-uliege.be\/wp-content\/uploads\/2024\/01\/CHARTE_GRAPHIQUE_2024-4.png\" alt=\"\" class=\"wp-image-1411 size-full\"\/><\/figure><div class=\"wp-block-media-text__content\">\n<div class=\"wp-block-group\" style=\"padding-top:2em;padding-right:2em;padding-bottom:2em;padding-left:2em\"><div class=\"wp-block-group__inner-container is-layout-flow wp-block-group-is-layout-flow\">\n<h2 class=\"wp-block-heading has-neve-link-hover-color-color has-text-color\" style=\"font-size:40px\"><strong>LES COMMISSIONS ET ORGANES DE L&rsquo;ULIEGE<\/strong><\/h2>\n<\/div><\/div>\n<\/div><\/div>\n\n\n\n<p>En tant que Conseil \u00c9tudiant, la F\u00e9d\u00e9 dispose d&rsquo;un certains nombres de si\u00e8ge dans les commissions et organes de l&rsquo;ULi\u00e8ge.<\/p>\n\n\n\n<ul class=\"wp-block-list\">\n<li><strong>Le Conseil d&rsquo;Administration (CA) de l&rsquo;ULi\u00e8ge : <\/strong>\n<ul class=\"wp-block-list\">\n<li>Huit repr\u00e9sentant\u00b7es \u00e9tudiant\u00b7es (dont Bureau ex\u00e9cutif : deux)<\/li>\n\n\n\n<li>Organe de centralisation et de d\u00e9cision. Il s\u2019agit de l\u2019organe qui va valider l\u2019enti\u00e8ret\u00e9 des d\u00e9cisions prises dans les commissions et organes d\u2019avis. Il n\u2019y a donc pas demise en place de projet au sein de cet organe. Il a pour but de valider ou infirmer les d\u00e9cisions prises dans les organes et commissions (conseil de facult\u00e9, commission infrastructures, CVE\u2026).<\/li>\n<\/ul>\n<\/li>\n\n\n\n<li><strong>CUEF &#8211; Conseil Universitaire de l&rsquo;enseignement et de la formation<\/strong>\n<ul class=\"wp-block-list\">\n<li>Un\u00b7e repr\u00e9sentant\u00b7e \u00e9tudiant\u00b7e (+ d\u00e9signation d&rsquo;un\u00b7e suppl\u00e9ant\u00b7e)<\/li>\n\n\n\n<li>Le Conseil universitaire de l\u2019Enseignement et de la Formation (CUEF) est charg\u00e9 de faire des propositions et de donner des avis relatifs \u00e0 la strat\u00e9gie institutionnelle en mati\u00e8re d\u2019enseignement et de formation, ainsi qu\u2019au bon d\u00e9roulement des activit\u00e9s d\u2019enseignement de l\u2019Universit\u00e9.<\/li>\n<\/ul>\n<\/li>\n\n\n\n<li><strong>CA du P\u00f4le acad\u00e9mique Li\u00e8ge-Luxembourg<\/strong>\n<ul class=\"wp-block-list\">\n<li>Deux repr\u00e9sentant\u00b7es au CA (dont un\u00b7e au BE) + un\u00b7e repr\u00e9sentant\u00b7e dans chaque Commission du P\u00f4le<\/li>\n\n\n\n<li>Aide \u00e0 la r\u00e9ussite, p\u00e9dagogie, mobilit\u00e9 internationale, strat\u00e9gie de communication, aide sociale et financi\u00e8re, biblioth\u00e8ques, \u00e9picerie solidaire\u2026<\/li>\n<\/ul>\n<\/li>\n\n\n\n<li><strong>CVE &#8211; Conseil de la vie \u00e9tudiante<\/strong>\n<ul class=\"wp-block-list\">\n<li>Quatre repr\u00e9sentant\u00b7es \u00e9tudiant\u00b7es, de facult\u00e9s diff\u00e9rentes et repr\u00e9sentant les divers cycles d\u2019\u00e9tudes (bac, master et doctorat) <\/li>\n\n\n\n<li>Toutes les activit\u00e9s de la vie \u00e9tudiante (enseignement, d\u00e9veloppement durable, politique sociale, calendrier acad\u00e9mique, acc\u00e8s \u00e0 la culture\u2026)<\/li>\n<\/ul>\n<\/li>\n\n\n\n<li><strong>Commission \u00e9lectorale<\/strong>\n<ul class=\"wp-block-list\">\n<li>Quatre repr\u00e9sentant\u00b7es \u00e9tudiant\u00b7es<\/li>\n\n\n\n<li>Encadrement du processus \u00e9lectoral \u00e9tudiant (interpr\u00e9tation du r\u00e8glement, position sur les recours\u2026).<\/li>\n\n\n\n<li>Attention : si tu si\u00e8ges dans cette commission, tu ne pourras pas \u00eatre candidat aux \u00e9lections de l\u2019ann\u00e9e suivante.<\/li>\n<\/ul>\n<\/li>\n\n\n\n<li><strong>Organe paritaire <\/strong>\n<ul class=\"wp-block-list\">\n<li>Quatre repr\u00e9sentant\u00b7es<\/li>\n\n\n\n<li>Organe charg\u00e9 d\u2019actualiser le r\u00e8glement \u00e9lectoral portant sur l\u2019\u00e9lection des repr\u00e9sentant\u00b7es des \u00e9tudiant\u00b7es au Conseil des \u00e9tudiants et au sein des Conseils de Facult\u00e9\/Ecole (en ce compris le Comit\u00e9 de gestion du campus de Gembloux) de l\u2019Universit\u00e9.<\/li>\n<\/ul>\n<\/li>\n\n\n\n<li><strong>CEMUL &#8211; Commission d&rsquo;\u00e9tudes et de gestion de la mobilit\u00e9 et de l&rsquo;urbanisme de l&rsquo;ULi\u00e8ge<\/strong>\n<ul class=\"wp-block-list\">\n<li>Un\u00b7e repr\u00e9sentant\u00b7e \u00e9tudiant\u00b7e<\/li>\n\n\n\n<li>\u00c9laboration d\u2019un plan global de mobilit\u00e9 durable, et de l\u2019information et la conscientisation des membres de la communaut\u00e9 universitaire par rapport aux probl\u00e8mes de mobilit\u00e9.<\/li>\n<\/ul>\n<\/li>\n\n\n\n<li><strong>Commission infrastructure<\/strong>\n<ul class=\"wp-block-list\">\n<li>Un\u00b7e repr\u00e9sentant\u00b7e \u00e9tudiant\u00b7e<\/li>\n\n\n\n<li>Tout ce qui est li\u00e9 \u00e0 l\u2019infrastructure de l\u2019Universit\u00e9 de Li\u00e8ge (pistes cyclables b\u00e2timents\u2026)<\/li>\n<\/ul>\n<\/li>\n\n\n\n<li><strong>Cellule institutionnelle au d\u00e9veloppement durable<\/strong>\n<ul class=\"wp-block-list\">\n<li>Un.e repr\u00e9sentant.e \u00e9tudiant.e<\/li>\n\n\n\n<li>R\u00e9flexion et lancement de projets autour du d\u00e9veloppement durable dans l&rsquo;ULi\u00e8ge.<\/li>\n<\/ul>\n<\/li>\n\n\n\n<li><strong>SIPS &#8211; Centre de planning familial de l&rsquo;ULi\u00e8ge<\/strong>\n<ul class=\"wp-block-list\">\n<li>Un\u00b7e repr\u00e9sentant\u00b7e \u00e9tudiant\u00b7e <\/li>\n\n\n\n<li>Le Sips est le centre de planning familial de l\u2019ULi\u00e8ge. Le Sips re\u00e7oit tous les jeunes jusque 26 ans et les \u00e9tudiants de l\u2019Uli\u00e8ge en toute confidentialit\u00e9 pour aborder leur vie relationnelle, affective et sexuelle.<\/li>\n<\/ul>\n<\/li>\n\n\n\n<li><strong>UNIGR &#8211; L&rsquo;Universit\u00e9 de la Grand R\u00e9gion<\/strong>\n<ul class=\"wp-block-list\">\n<li>Deux repr\u00e9sentant\u00b7es \u00e9tudiant\u00b7es<\/li>\n\n\n\n<li>L\u2019Universit\u00e9 de la Grande R\u00e9gion (UniGR) est une alliance universitaire transfrontali\u00e8re r\u00e9unissant les universit\u00e9s de Kaiserslautern-Landau, Lorraine, Luxembourg, Sarre, Tr\u00e8ves, htw saar ainsi que Li\u00e8ge comme partenaire associ\u00e9.<\/li>\n<\/ul>\n<\/li>\n\n\n\n<li><strong>Conseil Genre et \u00c9galit\u00e9<\/strong>\n<ul class=\"wp-block-list\">\n<li>Bureau : deux repr\u00e9sentant\u00b7es \u00e9tudiant\u00b7es<\/li>\n\n\n\n<li>Mise en place des strat\u00e9gies universitaires en terme d\u2019\u00e9galit\u00e9 des genres, \u00e0 tous les niveaux (ex: lutte contre le harc\u00e8lement, envers les \u00e9tudiant\u00b7es et le personnel, organisation de d\u00e9bat\u2026).<\/li>\n<\/ul>\n<\/li>\n\n\n\n<li><strong>ChESI &#8211; Chambre de l&rsquo;Enseignment Sup\u00e9rieur Inclusif<\/strong>\n<ul class=\"wp-block-list\">\n<li>Un.e repr\u00e9sentant.e \u00e9tudiant.e<\/li>\n\n\n\n<li>L\u2019inclusivit\u00e9 de l\u2019enseignement \u00e0 tous les niveaux, \u00e0 une \u00e9chelle macro (ex : am\u00e9nagement des locaux) et micro (ex: remonter un probl\u00e8me pr\u00e9cis avec un\u00b7e professeur\u00b7e).<\/li>\n<\/ul>\n<\/li>\n\n\n\n<li><strong>CSN &#8211; Conseil strat\u00e9gique du num\u00e9rique<\/strong> \n<ul class=\"wp-block-list\">\n<li>Un\u00b7e repr\u00e9sentant\u00b7e<\/li>\n\n\n\n<li>Tout ce qui est li\u00e9 au num\u00e9rique. Les dossiers trait\u00e9s comprennent les choix concernant l\u2019environnement num\u00e9rique pour l\u2019enseignement de l\u2019institution, la priorisation des d\u00e9veloppements informatiques produits par la SEGI en mati\u00e8re d\u2019enseignement, l\u2019analyse de l\u2019impact \u00e9cologique, la gestion des moyens financiers pour l\u2019achat de licences logicielles\u2026<\/li>\n<\/ul>\n<\/li>\n\n\n\n<li><strong>ISL &#8211; Institut Sup\u00e9rieur des Langues Vivantes<\/strong>\n<ul class=\"wp-block-list\">\n<li>Trois repr\u00e9sentant\u00b7es \u00e9tudiant\u00b7es<\/li>\n\n\n\n<li>\u00c9tude et mise en oeuvre de la politique g\u00e9n\u00e9rale en mati\u00e8re de formation en langues de la communaut\u00e9 non linguiste de l\u2019ULi\u00e8ge.<\/li>\n<\/ul>\n<\/li>\n\n\n\n<li><strong>Restaurants universitaires<\/strong>\n<ul class=\"wp-block-list\">\n<li>Un\u00b7e repr\u00e9sentant\u00b7e \u00e9tudiant\u00b7e <\/li>\n\n\n\n<li>Coordination des caf\u00e9t\u00e9rias et self-services de l\u2019universit\u00e9 ainsi que des diff\u00e9rents buffets et cocktails de l\u2019ULi\u00e8ge.<\/li>\n<\/ul>\n<\/li>\n\n\n\n<li><strong>Commission \u00e9tudiant artiste<\/strong>\n<ul class=\"wp-block-list\">\n<li>Un\u00b7e repr\u00e9sentant\u00b7e \u00e9tudiant\u00b7e ou plusieurs<\/li>\n\n\n\n<li>La commission \u00e9tudiant artiste s\u2019occupe d\u2019octroyer le statut \u00ab\u00c9tudiant\u00b7es artistes ULi\u00e8ge\u00bb aux \u00e9tudiant\u00b7es qui peuvent justifier d\u2019une activit\u00e9 artistique professionnelle ou semiprofessionnelle.<\/li>\n<\/ul>\n<\/li>\n\n\n\n<li><strong>Commission \u00e9tudiant engag\u00e9 et responsable<\/strong>\n<ul class=\"wp-block-list\">\n<li>Un\u00b7e repr\u00e9sentant\u00b7e \u00e9tudiant\u00b7e ou plusieurs<\/li>\n\n\n\n<li>Le statut \u00ab\u00c9tudiant\u00b7es engag\u00e9\u00b7es et responsables\u00bb est octroy\u00e9 par cette commission pour tout\u00b7e \u00e9tudiant\u00b7e qui assume des responsabilit\u00e9s importantes dans le cadre des diff\u00e9rents organes internes ou externes \u00e0 l\u2019universit\u00e9 ou des associations p\u00e9riph\u00e9riques.<\/li>\n<\/ul>\n<\/li>\n\n\n\n<li><strong>Commission \u00e9tudiant entrepreneur<\/strong>\n<ul class=\"wp-block-list\">\n<li>Un\u00b7e repr\u00e9sentant\u00b7e \u00e9tudiant\u00b7e<\/li>\n\n\n\n<li>Cette commission octroie le statut \u00ab\u00c9tudiant\u00b7e\u00b7s entrepeneur\u00b7es\u00bb aux \u00e9tudiant\u00b7es qui a un projet de cr\u00e9ation d\u2019entreprise, est en phase de d\u00e9marrage d\u2019un entreprise ou est fondateur\u00b7trice ou dirigeant\u00b7e d\u2019une entreprise.<\/li>\n<\/ul>\n<\/li>\n\n\n\n<li><strong>Commission \u00e9tudiant jeune aidant proche<\/strong>\n<ul class=\"wp-block-list\">\n<li>Un\u00b7e repr\u00e9sentant\u00b7e \u00e9tudiant\u00b7e<\/li>\n\n\n\n<li>La commission \u00e9tudiant aidant proche a pour mission l\u2019octroi du statut \u00ab\u00c9tudiant\u00b7es jaunes aidants proches\u00bb aux \u00e9tudiant\u00b7es qui apportent une aide et un soutien continus ou r\u00e9guliers \u00e0 un proche reconnu en situation de grande d\u00e9pendance, et ont obtenu la reconnaissance d\u2019aidant proche par une mutuelle<\/li>\n<\/ul>\n<\/li>\n\n\n\n<li><strong>Commission \u00e9tudiant sportif<\/strong>\n<ul class=\"wp-block-list\">\n<li>Un\u00b7e \u00e0 trois repr\u00e9sentant\u00b7es \u00e9tudiant\u00b7es<\/li>\n\n\n\n<li>Le statut \u00ab\u00c9tudiant\u00b7es sportif\u00b7ves\u00bb est octroy\u00e9 par cette commission pour tout\u00b7e \u00e9tudiant\u00b7e qui r\u00e9pond \u00e0 des crit\u00e8res pr\u00e9cis (\u00catre reconnu\u00b7e par la f\u00e9d\u00e9ration Wallonie-Bruxelles, \u00eatre s\u00e9lectionn\u00e9\u00b7e dans une \u00e9quipe nationale\u2026).<\/li>\n<\/ul>\n<\/li>\n\n\n\n<li><strong>48fm asbl<\/strong>\n<ul class=\"wp-block-list\">\n<li>Un\u00b7e repr\u00e9sentant\u00b7e \u00e9tudiant\u00b7e<\/li>\n\n\n\n<li>ASBL ayant pour buts la promotion d\u2019initiatives \u00e9tudiantes, culturelles ou associatives, ainsi que la formation \u00e0 la pratique audiovisuelle.<\/li>\n<\/ul>\n<\/li>\n\n\n\n<li><strong>CIPL <\/strong>\n<ul class=\"wp-block-list\">\n<li>Un\u00b7e repr\u00e9sentant\u00b7e \u00e9tudiant\u00b7e<\/li>\n\n\n\n<li>Le CPIL est une Unit\u00e9 D\u00e9centralis\u00e9e d\u2019Informatique (UDI) dont l\u2019objectif est de promouvoir et coordonner l\u2019utilisation de l\u2019informatique au sein de la Facult\u00e9 de Philosophie et Lettres.<\/li>\n<\/ul>\n<\/li>\n\n\n\n<li><strong>Conseil de biblioth\u00e8que<\/strong>\n<ul class=\"wp-block-list\">\n<li>Trois repr\u00e9sentant\u00b7es \u00e9tudiant\u00b7es issu\u00b7es de facult\u00e9s diff\u00e9rentes<\/li>\n\n\n\n<li>Il s\u2019agit de l\u2019organe d\u00e9cisionnel principal de ULi\u00e8ge Library en ce qui concerne le plan d\u2019action g\u00e9n\u00e9ral visant la r\u00e9alisation de projets, le rapport annuel du Comit\u00e9 de Direction, d\u00e9finir le budget\u2026<\/li>\n<\/ul>\n<\/li>\n\n\n\n<li><strong>Commission universitaire de guidance et de vigilance des relations internationales \u00e0 risques<\/strong>\n<ul class=\"wp-block-list\">\n<li>Un\u00b7e repr\u00e9sentant\u00b7e \u00e9tudiant\u00b7e invit\u00e9\u00b7e permanent\u00b7e<\/li>\n\n\n\n<li>Cette commission a pour but de r\u00e9fl\u00e9chir aux responsabilit\u00e9s citoyennes et \u00e9thiques du monde universitaire vis-\u00e0-vis de la situation en Palestine et en Isra\u00ebl, en vue de renforcer les actions concr\u00e8tes dans le cadre de l\u2019Universit\u00e9 hospitali\u00e8re.<\/li>\n<\/ul>\n<\/li>\n<\/ul>\n\n\n\n<hr class=\"wp-block-separator has-text-color has-neve-link-color-color has-alpha-channel-opacity has-neve-link-color-background-color has-background is-style-default\"\/>\n\n\n\n<div class=\"wp-block-columns is-layout-flex wp-container-core-columns-is-layout-9d6595d7 wp-block-columns-is-layout-flex\">\n<div class=\"wp-block-column is-layout-flow wp-block-column-is-layout-flow\">\n<figure class=\"wp-block-image size-full is-resized\"><a href=\"https:\/\/www.lamason.org\/\"><img fetchpriority=\"high\" decoding=\"async\" width=\"400\" height=\"400\" src=\"https:\/\/fede-uliege.be\/wp-content\/uploads\/2024\/01\/MAson-logo-large_PNG-1.webp\" alt=\"\" class=\"wp-image-1128\" style=\"width:145px;height:auto\" srcset=\"https:\/\/fede-uliege.be\/wp-content\/uploads\/2024\/01\/MAson-logo-large_PNG-1.webp 400w, https:\/\/fede-uliege.be\/wp-content\/uploads\/2024\/01\/MAson-logo-large_PNG-1-300x300.webp 300w, https:\/\/fede-uliege.be\/wp-content\/uploads\/2024\/01\/MAson-logo-large_PNG-1-150x150.webp 150w\" sizes=\"(max-width: 400px) 100vw, 400px\" \/><\/a><\/figure>\n<\/div>\n\n\n\n<div class=\"wp-block-column is-layout-flow wp-block-column-is-layout-flow\">\n<p class=\"has-text-align-center\">Ouvert du lundi au jeudi de 8h30 \u00e0 17h30 (ferm\u00e9 de 12h30 \u00e0 13h30)<br>et le vendredi de 8h30 \u00e0 12h30<br>04 366 31 99<\/p>\n\n\n\n<ul class=\"wp-block-social-links has-normal-icon-size is-content-justification-center is-layout-flex wp-container-core-social-links-is-layout-16018d1d wp-block-social-links-is-layout-flex\"><li class=\"wp-social-link wp-social-link-facebook  wp-block-social-link\"><a href=\"https:\/\/www.facebook.com\/fedeULiege\/\" class=\"wp-block-social-link-anchor\"><svg width=\"24\" height=\"24\" viewBox=\"0 0 24 24\" version=\"1.1\" xmlns=\"http:\/\/www.w3.org\/2000\/svg\" aria-hidden=\"true\" focusable=\"false\"><path d=\"M12 2C6.5 2 2 6.5 2 12c0 5 3.7 9.1 8.4 9.9v-7H7.9V12h2.5V9.8c0-2.5 1.5-3.9 3.8-3.9 1.1 0 2.2.2 2.2.2v2.5h-1.3c-1.2 0-1.6.8-1.6 1.6V12h2.8l-.4 2.9h-2.3v7C18.3 21.1 22 17 22 12c0-5.5-4.5-10-10-10z\"><\/path><\/svg><span class=\"wp-block-social-link-label screen-reader-text\">Facebook<\/span><\/a><\/li>\n\n<li class=\"wp-social-link wp-social-link-instagram  wp-block-social-link\"><a href=\"https:\/\/www.instagram.com\/fede_uliege\/\" class=\"wp-block-social-link-anchor\"><svg width=\"24\" height=\"24\" viewBox=\"0 0 24 24\" version=\"1.1\" xmlns=\"http:\/\/www.w3.org\/2000\/svg\" aria-hidden=\"true\" focusable=\"false\"><path d=\"M12,4.622c2.403,0,2.688,0.009,3.637,0.052c0.877,0.04,1.354,0.187,1.671,0.31c0.42,0.163,0.72,0.358,1.035,0.673 c0.315,0.315,0.51,0.615,0.673,1.035c0.123,0.317,0.27,0.794,0.31,1.671c0.043,0.949,0.052,1.234,0.052,3.637 s-0.009,2.688-0.052,3.637c-0.04,0.877-0.187,1.354-0.31,1.671c-0.163,0.42-0.358,0.72-0.673,1.035 c-0.315,0.315-0.615,0.51-1.035,0.673c-0.317,0.123-0.794,0.27-1.671,0.31c-0.949,0.043-1.233,0.052-3.637,0.052 s-2.688-0.009-3.637-0.052c-0.877-0.04-1.354-0.187-1.671-0.31c-0.42-0.163-0.72-0.358-1.035-0.673 c-0.315-0.315-0.51-0.615-0.673-1.035c-0.123-0.317-0.27-0.794-0.31-1.671C4.631,14.688,4.622,14.403,4.622,12 s0.009-2.688,0.052-3.637c0.04-0.877,0.187-1.354,0.31-1.671c0.163-0.42,0.358-0.72,0.673-1.035 c0.315-0.315,0.615-0.51,1.035-0.673c0.317-0.123,0.794-0.27,1.671-0.31C9.312,4.631,9.597,4.622,12,4.622 M12,3 C9.556,3,9.249,3.01,8.289,3.054C7.331,3.098,6.677,3.25,6.105,3.472C5.513,3.702,5.011,4.01,4.511,4.511 c-0.5,0.5-0.808,1.002-1.038,1.594C3.25,6.677,3.098,7.331,3.054,8.289C3.01,9.249,3,9.556,3,12c0,2.444,0.01,2.751,0.054,3.711 c0.044,0.958,0.196,1.612,0.418,2.185c0.23,0.592,0.538,1.094,1.038,1.594c0.5,0.5,1.002,0.808,1.594,1.038 c0.572,0.222,1.227,0.375,2.185,0.418C9.249,20.99,9.556,21,12,21s2.751-0.01,3.711-0.054c0.958-0.044,1.612-0.196,2.185-0.418 c0.592-0.23,1.094-0.538,1.594-1.038c0.5-0.5,0.808-1.002,1.038-1.594c0.222-0.572,0.375-1.227,0.418-2.185 C20.99,14.751,21,14.444,21,12s-0.01-2.751-0.054-3.711c-0.044-0.958-0.196-1.612-0.418-2.185c-0.23-0.592-0.538-1.094-1.038-1.594 c-0.5-0.5-1.002-0.808-1.594-1.038c-0.572-0.222-1.227-0.375-2.185-0.418C14.751,3.01,14.444,3,12,3L12,3z M12,7.378 c-2.552,0-4.622,2.069-4.622,4.622S9.448,16.622,12,16.622s4.622-2.069,4.622-4.622S14.552,7.378,12,7.378z M12,15 c-1.657,0-3-1.343-3-3s1.343-3,3-3s3,1.343,3,3S13.657,15,12,15z M16.804,6.116c-0.596,0-1.08,0.484-1.08,1.08 s0.484,1.08,1.08,1.08c0.596,0,1.08-0.484,1.08-1.08S17.401,6.116,16.804,6.116z\"><\/path><\/svg><span class=\"wp-block-social-link-label screen-reader-text\">Instagram<\/span><\/a><\/li>\n\n<li class=\"wp-social-link wp-social-link-mail  wp-block-social-link\"><a href=\"mailto:&#105;n&#102;o&#064;f&#101;de-&#117;lie&#103;e.b&#101;\" class=\"wp-block-social-link-anchor\"><svg width=\"24\" height=\"24\" viewBox=\"0 0 24 24\" version=\"1.1\" xmlns=\"http:\/\/www.w3.org\/2000\/svg\" aria-hidden=\"true\" focusable=\"false\"><path d=\"M19,5H5c-1.1,0-2,.9-2,2v10c0,1.1.9,2,2,2h14c1.1,0,2-.9,2-2V7c0-1.1-.9-2-2-2zm.5,12c0,.3-.2.5-.5.5H5c-.3,0-.5-.2-.5-.5V9.8l7.5,5.6,7.5-5.6V17zm0-9.1L12,13.6,4.5,7.9V7c0-.3.2-.5.5-.5h14c.3,0,.5.2.5.5v.9z\"><\/path><\/svg><span class=\"wp-block-social-link-label screen-reader-text\">E-mail<\/span><\/a><\/li><\/ul>\n<\/div>\n\n\n\n<div class=\"wp-block-column is-layout-flow wp-block-column-is-layout-flow\"><div class=\"wp-block-image\">\n<figure class=\"alignright size-large is-resized\"><img decoding=\"async\" width=\"1024\" height=\"768\" src=\"https:\/\/fede-uliege.be\/wp-content\/uploads\/2024\/01\/Logo-Fede-Uliege-Bleu-1-1024x768.png\" alt=\"\" class=\"wp-image-1129\" style=\"width:147px;height:auto\" srcset=\"https:\/\/fede-uliege.be\/wp-content\/uploads\/2024\/01\/Logo-Fede-Uliege-Bleu-1-1024x768.png 1024w, https:\/\/fede-uliege.be\/wp-content\/uploads\/2024\/01\/Logo-Fede-Uliege-Bleu-1-300x225.png 300w, https:\/\/fede-uliege.be\/wp-content\/uploads\/2024\/01\/Logo-Fede-Uliege-Bleu-1-768x576.png 768w, https:\/\/fede-uliege.be\/wp-content\/uploads\/2024\/01\/Logo-Fede-Uliege-Bleu-1-1536x1152.png 1536w, https:\/\/fede-uliege.be\/wp-content\/uploads\/2024\/01\/Logo-Fede-Uliege-Bleu-1.png 1961w\" sizes=\"(max-width: 1024px) 100vw, 1024px\" \/><\/figure>\n<\/div><\/div>\n<\/div>\n\n\n\n<p class=\"has-text-align-center\"><a href=\"https:\/\/fede-uliege.be\/wp-content\/uploads\/2023\/11\/Statuts.pdf\">STATUTS<\/a> <a href=\"https:\/\/fede-uliege.be\/wp-content\/uploads\/2023\/12\/RGPD.pdf\">RGPD<\/a> <a href=\"https:\/\/fede-uliege.be\/wp-content\/uploads\/2023\/12\/ROI-adopte-02_11.pdf\">ROI<\/a> <a href=\"https:\/\/fede-uliege.be\/wp-content\/uploads\/2024\/01\/CHARTE_GRAPHIQUE_2024.pdf\">CHARTE GRAPHIQUE<\/a> <a href=\"https:\/\/fede-uliege.be\/index.php\/logo\/\">LOGO<\/a><\/p>\n\n\n\n<p><\/p>\n","protected":false},"excerpt":{"rendered":"<p>En tant que Conseil \u00c9tudiant, la F\u00e9d\u00e9 dispose d&rsquo;un certains nombres de si\u00e8ge dans les commissions et organes de l&rsquo;ULi\u00e8ge. Ouvert du lundi au jeudi de 8h30 \u00e0 17h30 (ferm\u00e9 de 12h30 \u00e0 13h30)et le vendredi de 8h30 \u00e0 12h3004 366 31 99 STATUTS RGPD ROI CHARTE GRAPHIQUE LOGO<\/p>\n","protected":false},"author":1,"featured_media":0,"parent":0,"menu_order":0,"comment_status":"closed","ping_status":"closed","template":"","meta":{"neve_meta_sidebar":"","neve_meta_container":"","neve_meta_enable_content_width":"","neve_meta_content_width":0,"neve_meta_title_alignment":"","neve_meta_author_avatar":"","neve_post_elements_order":"","neve_meta_disable_header":"","neve_meta_disable_footer":"","neve_meta_disable_title":"","jetpack_post_was_ever_published":false,"footnotes":""},"class_list":["post-959","page","type-page","status-publish","hentry"],"jetpack_sharing_enabled":true,"_links":{"self":[{"href":"https:\/\/fede-uliege.be\/index.php\/wp-json\/wp\/v2\/pages\/959","targetHints":{"allow":["GET"]}}],"collection":[{"href":"https:\/\/fede-uliege.be\/index.php\/wp-json\/wp\/v2\/pages"}],"about":[{"href":"https:\/\/fede-uliege.be\/index.php\/wp-json\/wp\/v2\/types\/page"}],"author":[{"embeddable":true,"href":"https:\/\/fede-uliege.be\/index.php\/wp-json\/wp\/v2\/users\/1"}],"replies":[{"embeddable":true,"href":"https:\/\/fede-uliege.be\/index.php\/wp-json\/wp\/v2\/comments?post=959"}],"version-history":[{"count":28,"href":"https:\/\/fede-uliege.be\/index.php\/wp-json\/wp\/v2\/pages\/959\/revisions"}],"predecessor-version":[{"id":2191,"href":"https:\/\/fede-uliege.be\/index.php\/wp-json\/wp\/v2\/pages\/959\/revisions\/2191"}],"wp:attachment":[{"href":"https:\/\/fede-uliege.be\/index.php\/wp-json\/wp\/v2\/media?parent=959"}],"curies":[{"name":"wp","href":"https:\/\/api.w.org\/{rel}","templated":true}]}}